= -5*r, r + 2*z - 10 = -3*z. Let s(c) = 22*c + 204. Let h(o) = -8*o - 71. Let g(t) = 14*h(t) + 5*s(t). Calculate g(r).
26
Let k(w) = -2*w**2 + w - 6. Let a(v) = v**2 - 8*v - 2. Let h be a(9). Let x(r) = -5*r**2 - 5 - 8 + 17 - 17 + 3*r. Let f(t) = h*k(t) - 3*x(t). What is f(3)?
0
Let i(f) be the first derivative of -3*f - 4*f**2 + 2*f**2 + 0*f + 4*f**2 + 2*f**2 + 72. Calculate i(2).
13
Let z(q) = q**2 - 3*q + 1. Let b(v) = -20*v + 8 + 6 + 7863*v**2 - 7860*v**2. Let x be b(6). Determine z(x).
-1
Let w(h) = 3*h**2 + h - 1. Let c(u) = 19*u**2 + 4*u + 1. Let l(v) = c(v) - 2*w(v). What is l(-1)?
14
Let j(g) = g**2 + 8*g + 12. Let i(n) = 8*n + 344*n**2 + 5*n + 61 - 345*n**2. Let p be i(-4). Determine j(p).
5
Suppose 5*h + 0*h = -725. Let b = h + 148. Let x(q) be the first derivative of -2*q**2 - q - 1. Calculate x(b).
-13
Let v(t) = 4*t**2 + 1. Let p = -711 + 714. Determine v(p).
37
Suppose 24*s + 80 = 4*h + 20*s, 2*h = 4*s + 44. Suppose -3*c - 3 = -36. Let r(q) = -36 - 2*q + c + h. Calculate r(-5).
3
Let u(b) = 2860*b**2 + 4 - 5 + 14*b - 2859*b**2 + 20. What is u(-15)?
34
Let r(d) be the first derivative of 2*d**3/3 - 21*d**2 + 6*d - 1495. Give r(21).
6
Let f be (0*1/4)/(306/(-51)). Let y(n) be the third derivative of -1/60*n**5 + f - 4/3*n**3 + 18*n**2 - 1/4*n**4 + 0*n. Calculate y(-6).
-8
Let a(l) = 3*l**3 + 26*l**2 - 2*l + 21. Let s(w) = -w**3 - 9*w**2 + w - 7. Let x(z) = 3*a(z) + 8*s(z). Let v = 1918 + -1924. Determine x(v).
-5
Let w(o) = 1168 - 12*o**2 - 389 + o**3 - 2*o**3 - 386 + o - 391. Suppose -3*u = 2*q - 2*u + 27, 60 = -4*q - 4*u. Give w(q).
-10
Suppose -25 = -4*x - v, 2*v - 30 = -2*x - 2*v. Suppose 9*t + x*t = 42. Let d(j) = -j**2 + 4*j. Let y(w) = -3*w. Let m(c) = t*y(c) + 2*d(c). What is m(1)?
-3
Let y(k) be the second derivative of 4*k - 1/60*k**5 - 5/12*k**4 + 0*k**3 + 0*k**2 + 1/180*k**6 + 0. Let i(u) be the third derivative of y(u). Give i(3).
10
Let q = 3 + 0. Let b(x) = 20*x + 263. Let y be b(-13). Let v(o) = 3 + 4*o**2 + 0 - q*o**2 - o**3 + y*o. Give v(3).
-6
Let f(v) = -2*v**2 - 2*v + 25. Suppose 0 = 3*i - 3*b + 27, -i - 5*b - 41 + 50 = 0. Give f(i).
-35
Let p = -7734 + 7730. Let d(a) = -2*a**2 - 12*a - 25. Give d(p).
-9
Let m(g) = -6*g**2 + 19*g + 50. Let d(i) = -5*i**2 + 18*i + 50. Let j(v) = 5*d(v) - 4*m(v). Let c be j(17). Let z(s) = -9*s**2 - 2*s - 1. Determine z(c).
-8
Let c = -8419 - -8421. Let z(o) = 6*o - 2. What is z(c)?
10
Suppose -3*b - 8 = -7*b. Let l(d) = -d + 6*d - 7*d**b + 10*d**2 - 2*d. Suppose -x + 3 - 6 = 0. What is l(x)?
18
Let p(n) = -n**3 - 5*n**2 - 5*n + 1. Let c = -66 - -64. Let l = 1 - c. Suppose l*h - 8*h - 20 = 0. Calculate p(h).
5
Suppose 3*b + 3*i = b - 8, -2*b - 8 = 2*i. Let z(a) be the first derivative of a**4/4 + 2*a**3 + 3*a**2 + 6*a - 1. Determine z(b).
14
Suppose -16*s - 5*m + 5 = -20*s, 0 = -3*s - 5*m + 40. Let p(c) = c**3 - 4*c**2 - 7*c - 21. What is p(s)?
-31
Let j(z) = 8 - z + 2*z - 3*z. Let s(d) = d**3 - 17*d**2 + 66*d + 46. Let l be s(10). Determine j(l).
-4
Suppose 30*b - 21*b = 126. Let a(y) = 45*y**2 - 13 - 2*y + b - 35*y**2. Calculate a(1).
9
Suppose 9*k - 8*k - 25 = 0. Let m be (-5)/(-3)*90/k. Let p(y) be the second derivative of -y**4/12 + y**3 - y**2/2 - 42*y. What is p(m)?
-1
Let j(t) = 36 - 32 - 10*t + 6*t. Let p(b) = -11*b + 9. Let i(z) = 8*j(z) - 3*p(z). Calculate i(-5).
0
Let k(u) be the first derivative of -u**4/2 + 14*u**3/3 - u**2 + 14*u + 1357. Determine k(7).
0
Suppose 11 - 119 = 4*q. Let c = -22 - q. Let i(y) = -y**3 + 5*y**2 + 6. Give i(c).
6
Let o(f) be the second derivative of -f**4/12 - f**3/6 - f**2/2 - f. Let b = -387929 - -387932. Give o(b).
-13
Let w(s) = -18*s**2 - 38*s - 4. Let b(p) = -20*p**2 - 45*p - 6. Let v(l) = 5*b(l) - 6*w(l). What is v(2)?
32
Let h(o) = -7*o - 2. Let m be 2/((-40)/(-5)) + (-171)/(-4). Suppose 45*z = m*z - 6. Calculate h(z).
19
Let a(r) be the second derivative of r**6/180 - 13*r**5/120 - 5*r**4/12 + 51*r**3/2 + 4*r + 9. Let i(t) be the second derivative of a(t). What is i(8)?
14
Let f = -102 + 108. Let w(i) = -2*i**3 + i + 6. Let b(z) = 2*z**3 - z - 5. Let v(d) = f*b(d) + 5*w(d). Determine v(1).
1
Let p(l) = l**2 - 25*l + 54. Let w = -15 - -37. What is p(w)?
-12
Let j(r) = 9 - 3006*r + 1503*r + 1507*r - r**2. Determine j(8).
-23
Let d(u) = -11 - 8 - 3*u + 16. Let y(m) = 16*m + 14. Let q(v) = -11*d(v) - 2*y(v). Give q(4).
9
Let v(o) be the first derivative of 13*o**2/2 - o - 89. Determine v(-2).
-27
Let d(m) = -2*m**2 + 2. Suppose -10*r - 62*r - 279 = 21*r. Calculate d(r).
-16
Let c(u) = -200 - 27*u + 454 + 84*u - 164 - 147 - 7*u**2. What is c(1)?
-7
Let f(t) = -t**3 + 27*t**2 - 40*t + 370. Let z be f(26). Let s(r) = -r**3 + 7*r**2 - 8*r + 5. What is s(z)?
-7
Let v(n) = 20*n + 142. Let d(s) = s**2 - 13*s - 7. Let g be d(0). Give v(g).
2
Let o(h) = -h**3 - 5*h**2 + 3*h + 5. Suppose 4*u = 9 - 29, -3*u - 17 = -2*m. Suppose -4*g = -19 - m. Suppose 0 = 2*k + k - g*j, -k + 3*j = -4. Calculate o(k).
-10
Suppose -10*x - 41*x + 510 = 0. Let r(a) be the first derivative of -a**4/4 + 10*a**3/3 - a**2/2 + 12*a + 2. What is r(x)?
2
Let t(u) = 2*u**2 - 7*u. Suppose -4*k + 5 = -15. Suppose -23 = k*q - 8. Let i be (0 - 15/9)*q. Calculate t(i).
15
Suppose -72*w + 39 = -89 - 16. Let t(x) = x**3 - x**2 + 5*x - 5. Give t(w).
9
Let w(j) = j**3 - 38*j**2 + 3*j - 120. Let x = 6597 + -6559. Calculate w(x).
-6
Let b(r) = r**3 + 3*r**2 - 16*r + 4. Let f(j) = -9*j - 492. Let x be f(-54). Determine b(x).
-8
Let h be (-1)/2*(0 + 2). Let r(f) = f + 1 + 32*f**2 - 36*f**2 + 5*f**2 - 28*f**3. What is r(h)?
29
Let v(l) = -l**3 + 53*l**2 + 11*l - 3266. Let x be v(52). Let s(u) = 3*u**3 - 2*u**3 + 2*u**2 - 12*u**2 + 3. What is s(x)?
3
Let m(b) = -10*b - 1 - 4 + 0. Suppose 5*k = -4*k - 33*k - 168. Calculate m(k).
35
Let y(z) = z**2 + 11*z + 21. Let q = 6945 - 6956. Give y(q).
21
Let g(j) be the first derivative of j**4/2 - 5*j**3 - 7*j**2/2 + 14*j + 5938. What is g(7)?
-84
Let s(r) be the second derivative of -r**5/20 + 5*r**4/6 + 4*r**3 + 14*r**2 + 5675*r. What is s(12)?
28
Let u(r) = r**2 - 13*r + 42. Let j be u(7). Suppose j = 47*o - 42*o - 10. Let c(k) be the first derivative of k**4/2 - k**3 + k - 1. Determine c(o).
5
Let r be (-135 - (4 - 1))*1. Let z = -78 - r. Let f = z - 56. Let n(x) = -x**2 + 4*x + 1. What is n(f)?
1
Let r(d) = -d**3 + 5*d**2 + 38*d - 2. Suppose -23*z - 6*s - 50 = -21*z, s + 27 = -5*z. Calculate r(z).
-10
Let a(r) = r**3 - 5*r**2 - 5*r - 5. Suppose 3*y = y + 4*q + 22, -3*q = 5*y - 68. Let g(c) = -c**2 + 5*c + 7. Let k be g(7). Let p = k + y. Calculate a(p).
1
Let l(m) = -5*m + 7. Let d(f) be the third derivative of f**4/12 - 33*f**2 + f. Let j(h) = 2*d(h) + l(h). What is j(7)?
0
Let i(a) = 133*a - 29*a - 1 - 77*a. Suppose 8*b + 15 = 23. Give i(b).
26
Let a(d) = 2*d**2 - 1. Let w(v) = 53*v**2 - 5. Let b(p) = -3*a(p) + w(p). Give b(-1).
45
Let l = -16 - -12. Let h be 1 - l - (1 + 2). Let t(d) = h*d + 6 - 5 + 5*d**2 - 2. What is t(-2)?
15
Let f = -46 - -129. Let r = 82 - f. Let n(w) = -2*w + 7. Let z(h) = 7*h - 20. Let t(m) = -17*n(m) - 6*z(m). What is t(r)?
9
Let g(m) = 70*m - 363. Let o be -2*((-324)/24 - -8) + -6. What is g(o)?
-13
Let m(n) = -n**2 + 8*n - 3. Let x = 1499 + -1494. What is m(x)?
12
Let h = 142 + -146. Let y be (2*(-2 - (-4 - h)))/(-1). Let p(l) be the first derivative of l**3/3 - 2*l**2 + 6*l + 2. Determine p(y).
6
Let g(x) = x**3 + 7*x**2 - 3*x + 21. Suppose -150*b - 30*b = -12*b + 1344. What is g(b)?
-19
Let p(u) = -u**2 + 19*u + 26. Let i = 2778 + -2759. Determine p(i).
26
Let w = -386 - -392. Let g(y) = -24*y + 136. Let m be g(w). Let r(t) = t**2 + 10*t + 11. Calculate r(m).
-5
Let p(i) = -20*i**2 - 78*i + 8. Suppose -4*t - 54 = -4*w - 78, -3*t + 22 = -4*w. What is p(w)?
0
Let c(r) be the first derivative of 1/4*r**4 + 2*r**3 + 5/2*r**2 - 58 + 0*r. Give c(-5).
0
Let z = 190 - 180. Let i(v) = v**2 - 2*v + 6. Let k be i(4). Let u(g) = k - 3 - 5 + z + g. Determine u(0).
16
Let v(i) be the second derivative of i**5/20 + 3*i**4/4 + i**3/6 + 3*i**2/2 - 16*i + 1. Let n be (-2)/(-4)*-1 - (-34)/(-4). Determine v(n).
-6
Suppose 7*n - 21 = -0. Let c(h) = 5*h**3 + 22*h**2 - n*h**3 - 15*h**2 - 3*h**3 - 4. Give c(7).
-4
Suppose 2*i - 17 = 6*i + b, 0 = -5*i + 3*b - 34. Let w(z) be the third derivative of -7*z**4/24 - z**3/6 - 17783*z**2